 = 32*s. Let h be i(1). Suppose -2*n - 4*p = -6*n + h, 6 = n - 2*p. Let r = -19 + 58. What is the remainder when r is divided by n?
9
Suppose -59*i + 50*i = -72. Calculate the remainder when (-1)/((6/93)/(-2)) is divided by i.
7
Suppose -3*w = 5*p - 178, -16 + 0 = 4*w. What is the remainder when p is divided by 13?
12
Suppose -5*j - 11 = -131. What is the remainder when 10430/110 + (-2)/(-11) is divided by j?
23
Let o = 43 + -18. Let l = -56 - -103. What is the remainder when l is divided by o?
22
Suppose -3 = 2*s - 19. Suppose s*g - 18 = 7*g. Calculate the remainder when 32 is divided by g.
14
Suppose 216*n = 211*n + 140. Calculate the remainder when 193 is divided by n.
25
Let j(h) = -h**3 + 4*h**2 - 2*h - 3. Let g be j(2). Let b(u) = 41*u**3 + u**2 - 4*u + 2. What is the remainder when 118 is divided by b(g)?
38
Suppose -7*b - 6*b = -1014. What is the remainder when b is divided by 5?
3
Suppose -16*x = -28*x + 4020. Calculate the remainder when x is divided by 26.
23
Suppose 0 = -2*g - 3*z + 247, -z = -5*g + 63 + 580. What is the remainder when g is divided by 43?
42
Let s(m) = -11 + 10*m - 5 + 19 - m**2. Calculate the remainder when 150 is divided by s(8).
17
Suppose -9*y + 316 = -665. Calculate the remainder when y is divided by 35.
4
What is the remainder when 145 - (-6 + 5) - (3 - -1) is divided by 26?
12
Let d(a) = 2*a**2 + 6*a + 1. Let w be d(-4). Let m = 613 + -611. Let c = m + w. Calculate the remainder when c is divided by 7.
4
Calculate the remainder when 105 is divided by (5/(-20))/((-18)/2664).
31
Suppose 55*x - 1950 = 3660. Calculate the remainder when 191 is divided by x.
89
Suppose -2*w - 3*w + r = -33, -4*r = 12. What is the remainder when ((-10)/(-5) + -13)*-2 is divided by w?
4
Let l = -11 + 8. Calculate the remainder when (-24)/8*28/l is divided by 9.
1
Let p be (14/(-4) + 2)/((-5)/30). Suppose -a + p = 4. Suppose 0*g + c = 3*g - 2, 8 = -2*g + 3*c. What is the remainder when a is divided by g?
1
Suppose -2*z + 0*z + 2 = 0. Suppose z = 3*f - 8. Suppose 3*b - 12 = 0, 0 = -f*q - 2*b + b + 181. Calculate the remainder when q is divided by 12.
11
Let o = 273 + 62. Suppose -6*h + 2*t + 323 = -h, 0 = -5*h + 5*t + o. What is the remainder when h is divided by 11?
8
Suppose 4*t + 16 + 4 = 4*s, -2*t = s - 14. Suppose s*v = 12*v. Suppose v = -33*r + 32*r + 17. Calculate the remainder when r is divided by 6.
5
Let n = 29 - 17. Let o = n - 12. Suppose o = -m - 3 + 20. What is the remainder when 66 is divided by m?
15
Suppose -117*n + 2 = -119*n, 5*n - 589 = -2*w. Calculate the remainder when w is divided by 13.
11
Suppose 0 = 2*o + r - 33, -4*o + 94*r - 97*r + 63 = 0. Calculate the remainder when 178 is divided by o.
16
Suppose 3*z + 43 = 2*j - 43, 0 = 2*z + 4. Suppose 2*w = 2*v + 36, v - 28 = -4*w + 64. Calculate the remainder when j is divided by w.
18
Suppose -88 = -3*w - 4*m - 7, 4*m + 57 = 3*w. Calculate the remainder when 51 is divided by w.
5
Let n = 51 + -30. Suppose 2*m = 5*m + 5*x + 452, 152 = -m - 2*x. Let u = -83 - m. Calculate the remainder when u is divided by n.
19
Let z(c) = -2*c + 19. Suppose -o = -0*o + 5*i - 12, 5*o = 5*i. Suppose 0*m - o*m + 10 = 0. Calculate the remainder when m is divided by z(8).
2
Suppose 2*d - 2*i = 304, -5*i - 744 = -5*d - 4*i. Calculate the remainder when 1181 is divided by d.
145
Suppose -36*a = 3*q - 41*a - 244, -q = -3*a - 84. Calculate the remainder when q is divided by 25.
3
Let x be (-10 - 2)*5/(-15). Let p(d) = 2*d - 2. Let q be p(x). Calculate the remainder when 47 is divided by 1/(-2) - (-153)/q.
22
Suppose 17 = 3*m - 10. Suppose 16 = g - k, 0 = 5*k + 1 + m. Calculate the remainder when 54 is divided by g.
12
Suppose 2*l + 4*w - 44 = 0, 2*l + 4*w = -2*l + 92. Suppose 2*k - 74 = -l. Suppose k = 8*x - 3*x. Calculate the remainder when 17 is divided by x.
2
Let f = -80 - -83. Let l = -5 - -7. Suppose 0 = i - l - 9. What is the remainder when i is divided by f?
2
Let j = -4 + 60. Calculate the remainder when j is divided by 20.
16
Suppose 2 = l - 3. Suppose c - l = -3. Calculate the remainder when 6 is divided by c.
0
Let o = 44 + -44. Suppose -68 = -a - o. What is the remainder when a is divided by 24?
20
Suppose 6*s - 9 = 3*s. Suppose 3*q = 3 + s. Suppose -5*y - a + 143 = q*a, 88 = 3*y + 4*a. What is the remainder when 111 is divided by y?
27
Let u = 64 - 131. Let b = u + 39. Calculate the remainder when ((-7)/(-14))/((-1)/b) is divided by 5.
4
Suppose 0*l = 4*l - 5*r - 14, 3*r - 6 = 0. Let i = -14 - -24. Calculate the remainder when i is divided by l.
4
Let n = -39 + 48. Suppose n = -3*p + 90. Calculate the remainder when 78 is divided by p.
24
Calculate the remainder when 91 is divided by ((-1404)/9)/(-4) - -8.
44
Suppose 0 = -0*g + 7*g + 77. Let c = 24 + g. What is the remainder when 36 is divided by c?
10
Let c = -55 - -81. Suppose -2*i = -2*n + 4, 0 = 4*i - 0*n + 2*n + c. Calculate the remainder when 26 is divided by 2/i - (-72)/5.
12
Let q be 1 + (-30)/(-50) + (-347)/(-5). Let n = 79 - q. Calculate the remainder when n is divided by 5.
3
Suppose -j = 4*d - 31, -3*d + 4*j = -4*d + 4. Let z = 114 + -69. Suppose -z*v + 43*v = -74. What is the remainder when v is divided by d?
5
Calculate the remainder when 1306 is divided by (-396)/(-24) + 44/(-8).
8
Suppose -3*l + 15 = 3. Let j = -602 + 608. What is the remainder when j is divided by l?
2
Calculate the remainder when 2 + 2/(8/(-4)) - -68 is divided by (-1)/4 - 388/(-16).
21
Suppose 6*m + 6 = 24. What is the remainder when 6 is divided by m?
0
Suppose 0 = m - 29 + 2. Calculate the remainder when 48 is divided by m.
21
Let f(r) = -26*r + 27. What is the remainder when 87 is divided by f(1)?
0
Let l = 13 - -6. Let p = l - 9. Let m = p + -3. What is the remainder when m is divided by 3?
1
Suppose 2*i - 1571 = -g, 5*g + 4*i - 2632 = 5205. What is the remainder when g is divided by 14?
11
Let r(j) = 6*j - 28. What is the remainder when 22 is divided by r(7)?
8
Calculate the remainder when ((3 + 14)*-3)/(3/(-3)) is divided by 9.
6
Let u(z) be the third derivative of z**4/24 - 10*z**2. Let r(b) = -1. Let j(a) = -5*r(a) + u(a). Calculate the remainder when 17 is divided by j(2).
3
Let k = -154 - -171. Suppose k = -r + 64. Calculate the remainder when r is divided by 6.
5
Suppose 189 = -5*r + 12*r. Let k = r + -3. What is the remainder when 93 is divided by k?
21
Let f = 9 + -10. What is the remainder when 6 is divided by (-3)/3 - (3/f)/1?
0
Let l(y) = -y**3 - y**2 + 50. Suppose -6*x = -18 - 12. Suppose -2*i = x*i - 182. Calculate the remainder when l(0) is divided by i.
24
Suppose -5*x + 100 = -5*h, -2*h + 0*h - 49 = -5*x. Let k(u) = -3*u - 19. Calculate the remainder when k(h) is divided by 9.
5
Let y(n) = -n**2 + 11*n - 5. Let r be y(10). Suppose 0 = -5*h - 4*k + 160, h - 3*k = 8 + r. Calculate the remainder when 110 is divided by h.
26
Let x be ((-40)/30)/(-2*2/48). Suppose -4*i - 2*u + x = 0, -3*u = -5*i - 0*u + 42. Calculate the remainder when 12 is divided by i.
0
Let n = 485 - 357. What is the remainder when n is divided by 31?
4
Let l(b) = b**2 + b - 1. Let x(a) = -2*a**2 - 4*a - 3. Let z be x(-2). Let i(s) = 2*s**2 + 5*s. What is the remainder when l(-3) is divided by i(z)?
2
Let d be ((-14)/8)/(1/(-20)). Let t = 59 - d. What is the remainder when t is divided by 7?
3
Suppose -3 = m + 5*c + 18, 5*m = 5*c + 45. Let l(y) = y + 5. Calculate the remainder when m is divided by l(-3).
0
Let b = 549 + -374. What is the remainder when b is divided by 44?
43
Let v(l) = l**2 + l - 3. Let f = -46 - -37. Let i(w) = w**3 - 3*w**2 - 4*w - 6. Calculate the remainder when v(f) is divided by i(5).
21
Let o(a) = -5*a**3 + 2*a**2 - 8*a - 4. Calculate the remainder when o(-5) is divided by 42.
39
Let j = 1656 + -1650. Calculate the remainder when 41 is divided by j.
5
Let n be 6/18 - (-148)/6. Suppose 6*u - 295 = -n. Calculate the remainder when u is divided by ((-2 - -25)*1)/1.
22
Let q = -1 + 8. Let v = q + 8. Suppose 4*l - 3*l = v. Calculate the remainder when 43 is divided by l.
13
Let g = 20 + -21. Let z = 9 + 30. What is the remainder when z is divided by (11/11)/(g/(-14))?
11
Let m = 48 - 22. Let p be m/65 - (-33)/5. Suppose -4*z = -87 + p. Calculate the remainder when 37 is divided by z.
17
Let o(j) = j**3 + 7*j**2 + 2*j + 16. Let f be o